CRAN Package Check Results for Package nnfor

Last updated on 2020-10-30 01:48:37 CET.

Flavor Version Tinstall Tcheck Ttotal Status Flags
r-devel-linux-x86_64-debian-clang 0.9.6 13.15 121.00 134.15 OK
r-devel-linux-x86_64-debian-gcc 0.9.6 12.31 92.48 104.79 OK
r-devel-linux-x86_64-fedora-clang 0.9.6 173.13 NOTE
r-devel-linux-x86_64-fedora-gcc 0.9.6 167.90 NOTE
r-devel-windows-ix86+x86_64 0.9.6 35.00 108.00 143.00 OK
r-patched-linux-x86_64 0.9.6 12.32 110.54 122.86 OK
r-patched-solaris-x86 0.9.6 231.40 NOTE
r-release-linux-x86_64 0.9.6 12.26 109.27 121.53 OK
r-release-macos-x86_64 0.9.6 NOTE
r-release-windows-ix86+x86_64 0.9.6 22.00 148.00 170.00 OK
r-oldrel-macos-x86_64 0.9.6 NOTE
r-oldrel-windows-ix86+x86_64 0.9.6 29.00 132.00 161.00 OK

Check Details

Version: 0.9.6
Check: dependencies in R code
Result: NOTE
    Namespace in Imports field not imported from: ‘uroot’
     All declared Imports should be used.
Flavors: r-devel-linux-x86_64-fedora-clang, r-devel-linux-x86_64-fedora-gcc, r-patched-solaris-x86, r-release-macos-x86_64, r-oldrel-macos-x86_64