CRAN Package Check Results for Package nmadb

Last updated on 2022-09-29 21:49:12 CEST.

Flavor Version Tinstall Tcheck Ttotal Status Flags
r-devel-linux-x86_64-debian-clang 1.2.0 2.59 37.25 39.84 OK
r-devel-linux-x86_64-debian-gcc 1.2.0 2.01 28.93 30.94 OK
r-devel-linux-x86_64-fedora-clang 1.2.0 61.65 NOTE
r-devel-linux-x86_64-fedora-gcc 1.2.0 61.13 NOTE
r-devel-windows-x86_64 1.2.0 7.00 67.00 74.00 OK
r-patched-linux-x86_64 1.2.0 1.64 37.38 39.02 OK
r-release-linux-x86_64 1.2.0 1.64 36.36 38.00 OK
r-release-macos-arm64 1.2.0 42.00 NOTE
r-release-macos-x86_64 1.2.0 52.00 NOTE
r-release-windows-x86_64 1.2.0 8.00 68.00 76.00 OK
r-oldrel-macos-arm64 1.2.0 41.00 NOTE
r-oldrel-macos-x86_64 1.2.0 1803.00 NOTE
r-oldrel-windows-ix86+x86_64 1.2.0 9.00 54.00 63.00 OK

Check Details

Version: 1.2.0
Check: dependencies in R code
Result: NOTE
    Namespaces in Imports field not imported from:
     ‘devtools’ ‘jsonlite’
     All declared Imports should be used.
Flavors: r-devel-linux-x86_64-fedora-clang, r-devel-linux-x86_64-fedora-gcc, r-release-macos-arm64, r-release-macos-x86_64, r-oldrel-macos-arm64, r-oldrel-macos-x86_64