CRAN Package Check Results for Package nmadb

Last updated on 2023-09-29 18:54:41 CEST.

Flavor Version Tinstall Tcheck Ttotal Status Flags
r-devel-linux-x86_64-debian-clang 1.2.0 2.33 37.28 39.61 OK
r-devel-linux-x86_64-debian-gcc 1.2.0 2.04 28.38 30.42 OK
r-devel-linux-x86_64-fedora-clang 1.2.0 49.67 NOTE
r-devel-linux-x86_64-fedora-gcc 1.2.0 49.58 NOTE
r-devel-windows-x86_64 1.2.0 5.00 53.00 58.00 OK
r-patched-linux-x86_64 1.2.0 1.80 36.36 38.16 OK
r-release-linux-x86_64 1.2.0 1.62 36.60 38.22 OK
r-release-macos-arm64 1.2.0 74.00 OK
r-release-macos-x86_64 1.2.0 49.00 OK
r-release-windows-x86_64 1.2.0 5.00 57.00 62.00 OK
r-oldrel-macos-arm64 1.2.0 42.00 NOTE
r-oldrel-macos-x86_64 1.2.0 52.00 NOTE
r-oldrel-windows-x86_64 1.2.0 4.00 58.00 62.00 OK

Check Details

Version: 1.2.0
Check: dependencies in R code
Result: NOTE
    Namespaces in Imports field not imported from:
     ‘devtools’ ‘jsonlite’
     All declared Imports should be used.
Flavors: r-devel-linux-x86_64-fedora-clang, r-devel-linux-x86_64-fedora-gcc, r-oldrel-macos-arm64, r-oldrel-macos-x86_64