CRAN Package Check Results for Package nlrx

Last updated on 2020-05-29 19:47:13 CEST.

Flavor Version Tinstall Tcheck Ttotal Status Flags
r-devel-linux-x86_64-debian-clang 0.4.1 6.69 89.57 96.26 ERROR
r-devel-linux-x86_64-debian-gcc 0.4.1 5.76 69.02 74.78 OK
r-devel-linux-x86_64-fedora-clang 0.4.1 113.08 OK
r-devel-linux-x86_64-fedora-gcc 0.4.1 114.72 OK
r-devel-windows-ix86+x86_64 0.4.1 21.00 158.00 179.00 OK
r-patched-linux-x86_64 0.4.1 6.66 88.95 95.61 OK
r-patched-solaris-x86 0.4.1 152.60 OK
r-release-linux-x86_64 0.4.1 6.98 89.09 96.07 OK
r-release-osx-x86_64 0.4.1 OK
r-release-windows-ix86+x86_64 0.4.1 14.00 253.00 267.00 ERROR
r-oldrel-osx-x86_64 0.4.1 OK
r-oldrel-windows-ix86+x86_64 0.4.1 14.00 117.00 131.00 OK

Check Details

Version: 0.4.1
Check: tests
Result: ERROR
     Running 'testthat-class.R' [3s/3s]
     Running 'testthat-exe1.R' [2s/3s]
     Running 'testthat-exe2.R' [2s/3s]
     Running 'testthat-exe3.R' [2s/3s]
     Running 'testthat-nldoc.R' [4s/35s]
     Running 'testthat-simul.R' [4s/5s]
     Running 'testthat-util.R' [3s/4s]
    Running the tests in 'tests/testthat-nldoc.R' failed.
    Complete output:
     > Sys.unsetenv("R_TESTS")
     >
     > library(testthat)
     > library(nlrx)
     >
     > test_check("nlrx", filter = "nldoc")
     /usr/bin/pandoc +RTS -K512m -RTS nldoc.utf8.md --to html4 --from markdown+autolink_bare_uris+tex_math_single_backslash+smart --output nldoc.html --email-obfuscation none --self-contained --standalone --section-divs --table-of-contents --toc-depth 3 --template /home/hornik/tmp/R.check/r-devel-clang/Work/build/Packages/rmarkdown/rmd/h/default.html --no-highlight --variable highlightjs=1 --number-sections --variable 'theme:cosmo' --include-in-header /tmp/RtmpnMH6PB/rmarkdown-str6043795f7310.html --mathjax --variable 'mathjax-url:https://mathjax.rstudio.com/latest/MathJax.js?config=TeX-AMS-MML_HTMLorMML' --lua-filter /home/hornik/tmp/R.check/r-devel-clang/Work/build/Packages/rmarkdown/rmd/lua/pagebreak.lua --lua-filter /home/hornik/tmp/R.check/r-devel-clang/Work/build/Packages/rmarkdown/rmd/lua/latex-div.lua
     Could not fetch http://ccl.northwestern.edu/images/creativecommons/byncsa.png
     HttpExceptionRequest Request {
     host = "ccl.northwestern.edu"
     port = 80
     secure = False
     requestHeaders = []
     path = "/images/creativecommons/byncsa.png"
     queryString = ""
     method = "GET"
     proxy = Nothing
     rawBody = False
     redirectCount = 10
     responseTimeout = ResponseTimeoutDefault
     requestVersion = HTTP/1.1
     }
     ResponseTimeout
     -- 1. Error: nldoc (@test-nldoc.R#14) -----------------------------------------
     pandoc document conversion failed with error 61
     Backtrace:
     1. nlrx::nldoc(...)
     2. nlrx:::nldoc_write_nldoc(...)
     3. rmarkdown::render(mdfile)
     4. rmarkdown:::convert(output_file, run_citeproc)
     5. rmarkdown::pandoc_convert(...)
    
     == testthat results ===========================================================
     [ OK: 0 | SKIPPED: 0 | WARNINGS: 0 | FAILED: 1 ]
     1. Error: nldoc (@test-nldoc.R#14)
    
     Error: testthat unit tests failed
     In addition: Warning message:
     In extract_lang(f = comp_lang, y = quote(if (.isMethodsDispatchOn() && :
     devtools is incompatible with the current version of R. `load_all()` may function incorrectly.
     Execution halted
Flavor: r-devel-linux-x86_64-debian-clang

Version: 0.4.1
Check: examples
Result: ERROR
    Running examples in 'nlrx-Ex.R' failed
    The error most likely occurred in:
    
    > ### Name: nldoc
    > ### Title: Create NetLogo documentation
    > ### Aliases: nldoc
    >
    > ### ** Examples
    >
    >
    > # List model files (.nls subfiles are also supported)
    > modelfiles <- c("https://raw.githubusercontent.com/nldoc/nldoc_pg/master/WSP.nlogo",
    + "https://raw.githubusercontent.com/nldoc/nldoc_pg/master/WSP.nls")
    >
    > # Define output directory:
    > outdir <- tempdir() # adjust path to your needs
    >
    > # Create documentation:
    > nldoc(modelfiles = modelfiles,
    + infotab=TRUE,
    + gui=TRUE,
    + bs=TRUE,
    + outpath = outdir,
    + output_format = "html",
    + number_sections = TRUE,
    + theme = "cosmo",
    + date = date(),
    + toc = TRUE)
    Warning in file(con, "r") :
     InternetOpenUrl failed: 'Das Zeitlimit für den Vorgang wurde erreicht.'
    Error in file(con, "r") : cannot open the connection
    Calls: nldoc -> nldoc_read_nlogo -> readLines -> file
    Execution halted
Flavor: r-release-windows-ix86+x86_64