CRAN Package Check Results for Package nlmixr

Last updated on 2022-08-12 00:49:53 CEST.

Flavor Version Tinstall Tcheck Ttotal Status Flags
r-devel-linux-x86_64-debian-clang 2.0.7 363.44 208.41 571.85 OK
r-devel-linux-x86_64-debian-gcc 2.0.7 314.05 151.69 465.74 OK
r-devel-linux-x86_64-fedora-clang 2.0.7 817.28 OK
r-devel-linux-x86_64-fedora-gcc 2.0.7 807.80 OK
r-devel-windows-x86_64 2.0.7 465.00 240.00 705.00 OK
r-patched-linux-x86_64 2.0.7 309.35 188.52 497.87 OK
r-release-linux-x86_64 2.0.7 311.98 190.76 502.74 OK
r-release-macos-arm64 2.0.7 157.00 NOTE
r-release-macos-x86_64 2.0.7 283.00 NOTE
r-release-windows-x86_64 2.0.7 370.00 239.00 609.00 OK
r-oldrel-macos-arm64 2.0.7 110.00 NOTE
r-oldrel-macos-x86_64 2.0.7 218.00 NOTE
r-oldrel-windows-ix86+x86_64 2.0.7 867.00 264.00 1131.00 NOTE

Check Details

Version: 2.0.7
Check: installed package size
Result: NOTE
     installed size is 28.7Mb
     sub-directories of 1Mb or more:
     R 2.0Mb
     libs 25.7Mb
Flavors: r-release-macos-arm64, r-release-macos-x86_64, r-oldrel-macos-arm64, r-oldrel-macos-x86_64, r-oldrel-windows-ix86+x86_64