Last updated on 2023-12-11 18:53:36 CET.
Flavor | Version | Tinstall | Tcheck | Ttotal | Status | Flags |
---|---|---|---|---|---|---|
r-devel-linux-x86_64-debian-clang | 0.2.0 | 16.81 | 141.64 | 158.45 | OK | |
r-devel-linux-x86_64-debian-gcc | 0.2.0 | 16.17 | 104.45 | 120.62 | OK | |
r-devel-linux-x86_64-fedora-clang | 0.2.0 | 203.01 | OK | |||
r-devel-linux-x86_64-fedora-gcc | 0.2.0 | 187.54 | OK | |||
r-devel-windows-x86_64 | 0.2.0 | 18.00 | 111.00 | 129.00 | OK | |
r-patched-linux-x86_64 | 0.2.0 | 17.35 | 134.24 | 151.59 | OK | |
r-release-linux-x86_64 | 0.2.0 | 12.24 | 135.83 | 148.07 | OK | |
r-release-macos-arm64 | 0.2.0 | 75.00 | OK | |||
r-release-macos-x86_64 | 0.2.0 | 109.00 | OK | |||
r-release-windows-x86_64 | 0.2.0 | 23.00 | 136.00 | 159.00 | OK | |
r-oldrel-macos-arm64 | 0.2.0 | 59.00 | OK | |||
r-oldrel-macos-x86_64 | 0.1.0 | 70.00 | NOTE | |||
r-oldrel-windows-x86_64 | 0.2.0 | 23.00 | 143.00 | 166.00 | OK |
Version: 0.1.0
Check: dependencies in R code
Result: NOTE
Namespaces in Imports field not imported from:
‘knitr’ ‘nlraa’
All declared Imports should be used.
Flavor: r-oldrel-macos-x86_64