CRAN Package Check Results for Package nhlscrape

Last updated on 2022-10-05 18:49:05 CEST.

Flavor Version Tinstall Tcheck Ttotal Status Flags
r-devel-linux-x86_64-debian-clang 0.1.3 2.87 31.78 34.65 NOTE
r-devel-linux-x86_64-debian-gcc 0.1.3 2.10 24.38 26.48 NOTE
r-devel-linux-x86_64-fedora-clang 0.1.3 56.53 NOTE
r-devel-linux-x86_64-fedora-gcc 0.1.3 50.89 NOTE
r-devel-windows-x86_64 0.1.3 14.00 66.00 80.00 NOTE
r-patched-linux-x86_64 0.1.3 2.49 29.87 32.36 NOTE
r-release-linux-x86_64 0.1.3 2.55 30.14 32.69 NOTE
r-release-macos-arm64 0.1.3 18.00 NOTE
r-release-macos-x86_64 0.1.3 26.00 NOTE
r-release-windows-x86_64 0.1.3 24.00 57.00 81.00 NOTE
r-oldrel-macos-arm64 0.1.3 20.00 NOTE
r-oldrel-macos-x86_64 0.1.3 28.00 NOTE
r-oldrel-windows-ix86+x86_64 0.1.3 6.00 60.00 66.00 NOTE

Check Details

Version: 0.1.3
Check: LazyData
Result: NOTE
     'LazyData' is specified without a 'data' directory
Flavors: r-devel-linux-x86_64-debian-clang, r-devel-linux-x86_64-debian-gcc, r-devel-linux-x86_64-fedora-clang, r-devel-linux-x86_64-fedora-gcc, r-devel-windows-x86_64, r-patched-linux-x86_64, r-release-linux-x86_64, r-release-macos-arm64, r-release-macos-x86_64, r-release-windows-x86_64, r-oldrel-macos-arm64, r-oldrel-macos-x86_64, r-oldrel-windows-ix86+x86_64