Last updated on 2023-01-31 19:07:31 CET.
Flavor | Version | Tinstall | Tcheck | Ttotal | Status | Flags |
---|---|---|---|---|---|---|
r-devel-linux-x86_64-debian-clang | 1.5 | 37.03 | 87.49 | 124.52 | NOTE | |
r-devel-linux-x86_64-debian-gcc | 1.5 | 33.20 | 66.70 | 99.90 | NOTE | |
r-devel-linux-x86_64-fedora-clang | 1.5 | 161.66 | NOTE | |||
r-devel-linux-x86_64-fedora-gcc | 1.5 | 174.63 | NOTE | |||
r-devel-windows-x86_64 | 1.5 | 40.00 | 140.00 | 180.00 | NOTE | |
r-patched-linux-x86_64 | 1.5 | 40.22 | 82.67 | 122.89 | OK | |
r-release-linux-x86_64 | 1.5 | 33.85 | 83.87 | 117.72 | OK | |
r-release-macos-arm64 | 1.5 | 49.00 | OK | |||
r-release-macos-x86_64 | 1.5 | 67.00 | OK | |||
r-release-windows-x86_64 | 1.5 | 56.00 | 147.00 | 203.00 | OK | |
r-oldrel-macos-arm64 | 1.5 | 47.00 | OK | |||
r-oldrel-macos-x86_64 | 1.5 | 66.00 | OK | |||
r-oldrel-windows-ix86+x86_64 | 1.5 | 74.00 | 152.00 | 226.00 | OK |
Version: 1.5
Check: C++ specification
Result: NOTE
Specified C++11: please update to current default of C++17
Flavors: r-devel-linux-x86_64-debian-clang, r-devel-linux-x86_64-debian-gcc, r-devel-linux-x86_64-fedora-clang, r-devel-linux-x86_64-fedora-gcc, r-devel-windows-x86_64