CRAN Package Check Results for Package newsmap

Last updated on 2020-08-10 22:49:37 CEST.

Flavor Version Tinstall Tcheck Ttotal Status Flags
r-devel-linux-x86_64-debian-clang 0.7.2 11.02 106.55 117.57 OK
r-devel-linux-x86_64-debian-gcc 0.7.2 9.26 78.90 88.16 OK
r-devel-linux-x86_64-fedora-clang 0.7.2 148.85 NOTE
r-devel-linux-x86_64-fedora-gcc 0.7.2 135.75 NOTE
r-devel-windows-ix86+x86_64 0.7.2 37.00 138.00 175.00 OK
r-patched-linux-x86_64 0.7.2 11.66 101.06 112.72 OK
r-patched-solaris-x86 0.7.2 180.60 NOTE
r-release-linux-x86_64 0.7.2 10.12 101.05 111.17 OK
r-release-macos-x86_64 0.7.2 NOTE
r-release-windows-ix86+x86_64 0.7.2 33.00 149.00 182.00 OK
r-oldrel-macos-x86_64 0.7.2 NOTE
r-oldrel-windows-ix86+x86_64 0.7.2 29.00 107.00 136.00 OK

Check Details

Version: 0.7.2
Check: dependencies in R code
Result: NOTE
    Namespace in Imports field not imported from: ‘stringi’
     All declared Imports should be used.
Flavors: r-devel-linux-x86_64-fedora-clang, r-devel-linux-x86_64-fedora-gcc, r-patched-solaris-x86, r-release-macos-x86_64, r-oldrel-macos-x86_64

Version: 0.7.2
Check: data for non-ASCII characters
Result: NOTE
     Note: found 4485 marked UTF-8 strings
Flavors: r-devel-linux-x86_64-fedora-clang, r-devel-linux-x86_64-fedora-gcc, r-patched-solaris-x86, r-release-macos-x86_64, r-oldrel-macos-x86_64