CRAN Package Check Results for Package neurocInstall

Last updated on 2022-09-26 19:50:42 CEST.

Flavor Version Tinstall Tcheck Ttotal Status Flags
r-devel-linux-x86_64-debian-clang 0.12.0 8.86 71.90 80.76 NOTE
r-devel-linux-x86_64-debian-gcc 0.12.0 6.57 53.08 59.65 NOTE
r-devel-linux-x86_64-fedora-clang 0.12.0 110.22 NOTE
r-devel-linux-x86_64-fedora-gcc 0.12.0 109.89 NOTE
r-devel-windows-x86_64 0.12.0 24.00 103.00 127.00 NOTE
r-patched-linux-x86_64 0.12.0 6.14 68.82 74.96 NOTE
r-release-linux-x86_64 0.12.0 5.06 67.06 72.12 NOTE
r-release-macos-arm64 0.12.0 28.00 NOTE
r-release-macos-x86_64 0.12.0 45.00 NOTE
r-release-windows-x86_64 0.12.0 25.00 101.00 126.00 NOTE
r-oldrel-macos-arm64 0.12.0 36.00 NOTE
r-oldrel-macos-x86_64 0.12.0 1803.00 NOTE
r-oldrel-windows-ix86+x86_64 0.12.0 20.00 97.00 117.00 NOTE

Check Details

Version: 0.12.0
Check: LazyData
Result: NOTE
     'LazyData' is specified without a 'data' directory
Flavors: r-devel-linux-x86_64-debian-clang, r-devel-linux-x86_64-debian-gcc, r-devel-linux-x86_64-fedora-clang, r-devel-linux-x86_64-fedora-gcc, r-devel-windows-x86_64, r-patched-linux-x86_64, r-release-linux-x86_64, r-release-macos-arm64, r-release-macos-x86_64, r-release-windows-x86_64, r-oldrel-macos-arm64, r-oldrel-macos-x86_64, r-oldrel-windows-ix86+x86_64