CRAN Package Check Results for Package networkscaleup

Last updated on 2022-09-26 12:53:28 CEST.

Flavor Version Tinstall Tcheck Ttotal Status Flags
r-devel-linux-x86_64-debian-clang 0.1-1 2009.90 328.75 2338.65 NOTE
r-devel-linux-x86_64-debian-gcc 0.1-1 1796.65 329.60 2126.25 NOTE
r-devel-linux-x86_64-fedora-clang 0.1-1 2827.56 NOTE
r-devel-linux-x86_64-fedora-gcc 0.1-1 3755.28 NOTE
r-devel-windows-x86_64 0.1-1 1340.00 577.00 1917.00 NOTE
r-patched-linux-x86_64 0.1-1 0.02 4.71 4.73 ERROR
r-release-linux-x86_64 0.1-1 1486.80 418.06 1904.86 NOTE
r-release-macos-arm64 0.1-1 786.00 NOTE
r-release-macos-x86_64 0.1-1 1285.00 NOTE
r-release-windows-x86_64 0.1-1 1204.00 591.00 1795.00 NOTE
r-oldrel-macos-arm64 0.1-1 802.00 NOTE
r-oldrel-macos-x86_64 0.1-1 985.00 NOTE
r-oldrel-windows-ix86+x86_64 0.1-1 4314.00 698.00 5012.00 NOTE

Check Details

Version: 0.1-1
Check: for GNU extensions in Makefiles
Result: NOTE
    GNU make is a SystemRequirements.
Flavors: r-devel-linux-x86_64-debian-clang, r-devel-linux-x86_64-debian-gcc, r-devel-linux-x86_64-fedora-clang, r-devel-linux-x86_64-fedora-gcc, r-devel-windows-x86_64, r-release-linux-x86_64, r-release-macos-arm64, r-release-macos-x86_64, r-release-windows-x86_64, r-oldrel-macos-arm64, r-oldrel-macos-x86_64, r-oldrel-windows-ix86+x86_64

Version: 0.1-1
Check: installed package size
Result: NOTE
     installed size is 19.7Mb
     sub-directories of 1Mb or more:
     libs 18.9Mb
Flavors: r-devel-linux-x86_64-fedora-clang, r-devel-windows-x86_64, r-release-macos-arm64, r-release-macos-x86_64, r-release-windows-x86_64, r-oldrel-macos-arm64, r-oldrel-macos-x86_64, r-oldrel-windows-ix86+x86_64

Version: 0.1-1
Check: dependencies in R code
Result: NOTE
    Namespaces in Imports field not imported from:
     ‘RcppParallel’ ‘rstantools’
     All declared Imports should be used.
Flavors: r-devel-linux-x86_64-fedora-clang, r-devel-linux-x86_64-fedora-gcc, r-release-macos-arm64, r-release-macos-x86_64, r-oldrel-macos-arm64, r-oldrel-macos-x86_64

Version: 0.1-1
Check: whether package can be installed
Result: ERROR
    Installation failed.
Flavor: r-patched-linux-x86_64