CRAN Package Check Results for Package netrankr

Last updated on 2020-07-08 07:52:38 CEST.

Flavor Version Tinstall Tcheck Ttotal Status Flags
r-devel-linux-x86_64-debian-clang 0.2.1 156.29 76.87 233.16 OK
r-devel-linux-x86_64-debian-gcc 0.2.1 111.33 59.34 170.67 OK
r-devel-linux-x86_64-fedora-clang 0.2.1 337.27 NOTE
r-devel-linux-x86_64-fedora-gcc 0.2.1 293.47 OK
r-devel-windows-ix86+x86_64 0.2.1 292.00 132.00 424.00 OK
r-patched-linux-x86_64 0.2.1 116.69 75.90 192.59 OK
r-patched-solaris-x86 0.2.1 274.00 OK
r-release-linux-x86_64 0.2.1 112.01 75.35 187.36 OK
r-release-osx-x86_64 0.2.1 NOTE
r-release-windows-ix86+x86_64 0.2.1 283.00 129.00 412.00 OK
r-oldrel-osx-x86_64 0.2.1 OK
r-oldrel-windows-ix86+x86_64 0.2.1 293.00 160.00 453.00 OK

Check Details

Version: 0.2.1
Check: installed package size
Result: NOTE
     installed size is 6.2Mb
     sub-directories of 1Mb or more:
     libs 5.0Mb
Flavors: r-devel-linux-x86_64-fedora-clang, r-release-osx-x86_64