CRAN Package Check Results for Package netgen

Last updated on 2022-11-26 05:51:55 CET.

Flavor Version Tinstall Tcheck Ttotal Status Flags
r-devel-linux-x86_64-debian-clang 1.3.2 8.46 76.41 84.87 NOTE
r-devel-linux-x86_64-debian-gcc 1.3.2 6.90 55.66 62.56 NOTE
r-devel-linux-x86_64-fedora-clang 1.3.2 110.80 NOTE
r-devel-linux-x86_64-fedora-gcc 1.3.2 108.70 NOTE
r-devel-windows-x86_64 1.3.2 36.00 103.00 139.00 NOTE
r-patched-linux-x86_64 1.3.2 NOTE
r-release-linux-x86_64 1.3.2 9.55 68.34 77.89 NOTE
r-release-macos-arm64 1.3.2 31.00 NOTE
r-release-macos-x86_64 1.3.2 56.00 NOTE
r-release-windows-x86_64 1.3.2 39.00 101.00 140.00 NOTE
r-oldrel-macos-arm64 1.3.2 36.00 NOTE
r-oldrel-macos-x86_64 1.3.2 65.00 NOTE
r-oldrel-windows-ix86+x86_64 1.3.2 20.00 92.00 112.00 NOTE

Check Details

Version: 1.3.2
Check: Rd files
Result: NOTE
    checkRd: (-1) exportToTSPlibFormat.Rd:32: Escaped LaTeX specials: \_
    checkRd: (-1) exportToTSPlibFormat.Rd:32: Escaped LaTeX specials: \_ \_
    checkRd: (-1) makeNetwork.Rd:31: Escaped LaTeX specials: \_
Flavors: r-devel-linux-x86_64-debian-clang, r-devel-linux-x86_64-debian-gcc, r-devel-linux-x86_64-fedora-clang, r-devel-linux-x86_64-fedora-gcc, r-devel-windows-x86_64

Version: 1.3.2
Check: LazyData
Result: NOTE
     'LazyData' is specified without a 'data' directory
Flavors: r-devel-linux-x86_64-debian-clang, r-devel-linux-x86_64-debian-gcc, r-devel-linux-x86_64-fedora-clang, r-devel-linux-x86_64-fedora-gcc, r-devel-windows-x86_64, r-patched-linux-x86_64, r-release-linux-x86_64, r-release-macos-arm64, r-release-macos-x86_64, r-release-windows-x86_64, r-oldrel-macos-arm64, r-oldrel-macos-x86_64, r-oldrel-windows-ix86+x86_64