CRAN Package Check Results for Package netSEM

Last updated on 2020-10-28 01:49:39 CET.

Flavor Version Tinstall Tcheck Ttotal Status Flags
r-devel-linux-x86_64-debian-clang 0.5.1 5.56 59.10 64.66 OK
r-devel-linux-x86_64-debian-gcc 0.5.1 5.11 46.23 51.34 OK
r-devel-linux-x86_64-fedora-clang 0.5.1 89.44 OK
r-devel-linux-x86_64-fedora-gcc 0.5.1 84.40 OK
r-devel-windows-ix86+x86_64 0.5.1 18.00 78.00 96.00 OK
r-patched-linux-x86_64 0.5.1 ERROR
r-release-linux-x86_64 0.5.1 0.64 2.62 3.26 ERROR
r-release-macos-x86_64 0.5.1 OK
r-release-windows-ix86+x86_64 0.5.1 12.00 70.00 82.00 OK
r-oldrel-macos-x86_64 0.5.1 OK
r-oldrel-windows-ix86+x86_64 0.5.1 15.00 89.00 104.00 OK

Check Details

Version: 0.5.1
Check: package dependencies
Result: ERROR
    Package required but not available: ‘DiagrammeRsvg’
    
    See section ‘The DESCRIPTION file’ in the ‘Writing R Extensions’
    manual.
Flavors: r-patched-linux-x86_64, r-release-linux-x86_64