CRAN Package Check Results for Package neotoma

Last updated on 2022-10-02 21:53:47 CEST.

Flavor Version Tinstall Tcheck Ttotal Status Flags
r-devel-linux-x86_64-debian-clang 1.7.4 16.38 123.38 139.76 NOTE
r-devel-linux-x86_64-debian-gcc 1.7.4 12.72 92.91 105.63 NOTE
r-devel-linux-x86_64-fedora-clang 1.7.4 184.19 NOTE
r-devel-linux-x86_64-fedora-gcc 1.7.4 184.37 NOTE
r-devel-windows-x86_64 1.7.4 49.00 155.00 204.00 NOTE
r-patched-linux-x86_64 1.7.4 14.90 116.03 130.93 OK
r-release-linux-x86_64 1.7.4 16.35 113.37 129.72 OK
r-release-macos-arm64 1.7.4 44.00 OK
r-release-macos-x86_64 1.7.4 80.00 OK
r-release-windows-x86_64 1.7.4 49.00 146.00 195.00 OK
r-oldrel-macos-arm64 1.7.4 57.00 OK
r-oldrel-macos-x86_64 1.7.4 71.00 OK
r-oldrel-windows-ix86+x86_64 1.7.4 34.00 138.00 172.00 OK

Check Details

Version: 1.7.4
Check: HTML version of manual
Result: NOTE
    Found the following HTML validation problems:
    get_chroncontrol.html:66:38: Warning: nested emphasis <code>
    get_chroncontrol.html:70:38: Warning: nested emphasis <code>
    get_contact.html:72:38: Warning: nested emphasis <code>
    get_contact.html:76:38: Warning: nested emphasis <code>
    get_contact.html:80:38: Warning: nested emphasis <code>
    get_contact.html:84:38: Warning: nested emphasis <code>
    get_contact.html:88:38: Warning: nested emphasis <code>
    get_contact.html:92:38: Warning: nested emphasis <code>
    get_contact.html:96:38: Warning: nested emphasis <code>
    get_contact.html:100:38: Warning: nested emphasis <code>
    get_contact.html:104:38: Warning: nested emphasis <code>
    get_contact.html:108:38: Warning: nested emphasis <code>
    get_contact.html:112:38: Warning: nested emphasis <code>
    get_contact.html:116:38: Warning: nested emphasis <code>
    get_contact.html:120:38: Warning: nested emphasis <code>
    get_contact.html:124:38: Warning: nested emphasis <code>
    get_contact.html:128:38: Warning: nested emphasis <code>
    get_dataset.html:102:38: Warning: nested emphasis <code>
    get_dataset.html:106:38: Warning: nested emphasis <code>
    get_dataset.html:110:38: Warning: nested emphasis <code>
    get_dataset.html:114:38: Warning: nested emphasis <code>
    get_dataset.html:118:38: Warning: nested emphasis <code>
    get_dataset.html:122:38: Warning: nested emphasis <code>
    get_dataset.html:126:38: Warning: nested emphasis <code>
    get_dataset.html:130:38: Warning: nested emphasis <code>
    get_dataset.html:134:38: Warning: nested emphasis <code>
    get_dataset.html:138:38: Warning: nested emphasis <code>
    get_dataset.html:142:38: Warning: nested emphasis <code>
    get_download.html:53:38: Warning: nested emphasis <code>
    get_download.html:57:38: Warning: nested emphasis <code>
    get_download.html:61:38: Warning: nested emphasis <code>
    get_download.html:65:38: Warning: nested emphasis <code>
    get_download.html:69:38: Warning: nested emphasis <code>
    get_download.html:73:38: Warning: nested emphasis <code>
    get_geochron.html:54:38: Warning: nested emphasis <code>
    get_geochron.html:58:38: Warning: nested emphasis <code>
    get_geochron.html:62:38: Warning: nested emphasis <code>
    get_geochron.html:66:38: Warning: nested emphasis <code>
    get_geochron.html:70:38: Warning: nested emphasis <code>
    get_geochron.html:74:38: Warning: nested emphasis <code>
    get_geochron.html:78:38: Warning: nested emphasis <code>
    get_geochron.html:82:38: Warning: nested emphasis <code>
    get_geochron.html:86:38: Warning: nested emphasis <code>
    get_geochron.html:90:38: Warning: nested emphasis <code>
    get_publication.html:72:38: Warning: nested emphasis <code>
    get_publication.html:76:38: Warning: nested emphasis <code>
    get_taxa.html:64:38: Warning: nested emphasis <code>
    get_taxa.html:68:38: Warning: nested emphasis <code>
    get_taxa.html:72:38: Warning: nested emphasis <code>
    get_taxa.html:76:38: Warning: nested emphasis <code>
    get_taxa.html:80:38: Warning: nested emphasis <code>
    get_taxa.html:84:38: Warning: nested emphasis <code>
    get_taxa.html:88:38: Warning: nested emphasis <code>
    get_taxa.html:92:38: Warning: nested emphasis <code>
    get_taxa.html:96:38: Warning: nested emphasis <code>
    get_taxa.html:100:38: Warning: nested emphasis <code>
Flavors: r-devel-linux-x86_64-debian-clang, r-devel-linux-x86_64-debian-gcc, r-devel-linux-x86_64-fedora-clang, r-devel-linux-x86_64-fedora-gcc, r-devel-windows-x86_64