CRAN Package Check Results for Package neo4r

Last updated on 2022-08-11 06:51:50 CEST.

Flavor Version Tinstall Tcheck Ttotal Status Flags
r-devel-linux-x86_64-debian-clang 0.1.1 7.02 64.30 71.32 NOTE
r-devel-linux-x86_64-debian-gcc 0.1.1 5.57 47.73 53.30 NOTE
r-devel-linux-x86_64-fedora-clang 0.1.1 99.48 NOTE
r-devel-linux-x86_64-fedora-gcc 0.1.1 93.88 NOTE
r-devel-windows-x86_64 0.1.1 12.00 86.00 98.00 NOTE
r-patched-linux-x86_64 0.1.1 7.71 60.65 68.36 NOTE
r-release-linux-x86_64 0.1.1 NOTE
r-release-macos-arm64 0.1.1 25.00 NOTE
r-release-macos-x86_64 0.1.1 46.00 NOTE
r-release-windows-x86_64 0.1.1 32.00 89.00 121.00 NOTE
r-oldrel-macos-arm64 0.1.1 33.00 NOTE
r-oldrel-macos-x86_64 0.1.1 44.00 NOTE
r-oldrel-windows-ix86+x86_64 0.1.1 19.00 84.00 103.00 NOTE

Check Details

Version: 0.1.1
Check: LazyData
Result: NOTE
     'LazyData' is specified without a 'data' directory
Flavors: r-devel-linux-x86_64-debian-clang, r-devel-linux-x86_64-debian-gcc, r-devel-linux-x86_64-fedora-clang, r-devel-linux-x86_64-fedora-gcc, r-devel-windows-x86_64, r-patched-linux-x86_64, r-release-linux-x86_64, r-release-macos-arm64, r-release-macos-x86_64, r-release-windows-x86_64, r-oldrel-macos-arm64, r-oldrel-macos-x86_64, r-oldrel-windows-ix86+x86_64

Version: 0.1.1
Check: dependencies in R code
Result: NOTE
    Namespaces in Imports field not imported from:
     ‘igraph’ ‘rlang’ ‘tidyselect’
     All declared Imports should be used.
Flavors: r-devel-linux-x86_64-fedora-clang, r-devel-linux-x86_64-fedora-gcc, r-release-macos-arm64, r-release-macos-x86_64, r-oldrel-macos-arm64, r-oldrel-macos-x86_64