CRAN Package Check Results for Package needy

Last updated on 2022-10-03 18:52:13 CEST.

Flavor Version Tinstall Tcheck Ttotal Status Flags
r-devel-linux-x86_64-debian-clang 0.2 2.43 22.95 25.38 NOTE
r-devel-linux-x86_64-debian-gcc 0.2 1.66 18.32 19.98 NOTE
r-devel-linux-x86_64-fedora-clang 0.2 44.78 NOTE
r-devel-linux-x86_64-fedora-gcc 0.2 43.35 NOTE
r-devel-windows-x86_64 0.2 8.00 56.00 64.00 NOTE
r-patched-linux-x86_64 0.2 2.09 22.88 24.97 NOTE
r-release-linux-x86_64 0.2 2.12 22.56 24.68 NOTE
r-release-macos-arm64 0.2 16.00 NOTE
r-release-macos-x86_64 0.2 20.00 NOTE
r-release-windows-x86_64 0.2 11.00 55.00 66.00 NOTE
r-oldrel-macos-arm64 0.2 22.00 NOTE
r-oldrel-macos-x86_64 0.2 28.00 NOTE
r-oldrel-windows-ix86+x86_64 0.2 6.00 45.00 51.00 NOTE

Check Details

Version: 0.2
Check: DESCRIPTION meta-information
Result: NOTE
    BugReports field is not a suitable URL but contains an email address:
     use the Contact field instead
Flavors: r-devel-linux-x86_64-debian-clang, r-devel-linux-x86_64-debian-gcc, r-devel-linux-x86_64-fedora-clang, r-devel-linux-x86_64-fedora-gcc, r-devel-windows-x86_64, r-patched-linux-x86_64, r-release-linux-x86_64, r-release-macos-arm64, r-release-macos-x86_64, r-release-windows-x86_64, r-oldrel-macos-arm64, r-oldrel-macos-x86_64, r-oldrel-windows-ix86+x86_64