CRAN Package Check Results for Package nebula

Last updated on 2024-02-29 06:54:14 CET.

Flavor Version Tinstall Tcheck Ttotal Status Flags
r-devel-linux-x86_64-debian-clang 1.5.3 122.54 524.53 647.07 OK
r-devel-linux-x86_64-debian-gcc 1.5.3 103.02 389.43 492.45 OK
r-devel-linux-x86_64-fedora-clang 1.5.3 814.19 OK
r-devel-linux-x86_64-fedora-gcc 1.5.3 803.20 OK
r-devel-windows-x86_64 1.5.3 93.00 368.00 461.00 OK
r-patched-linux-x86_64 1.5.3 103.44 508.88 612.32 OK
r-release-linux-x86_64 1.5.3 88.01 502.01 590.02 OK
r-release-macos-arm64 1.5.3 208.00 NOTE
r-release-macos-x86_64 1.5.3 488.00 NOTE
r-release-windows-x86_64 1.5.3 118.00 480.00 598.00 OK
r-oldrel-macos-arm64 1.5.3 191.00 NOTE
r-oldrel-windows-x86_64 1.5.3 112.00 413.00 525.00 OK

Check Details

Version: 1.5.3
Check: installed package size
Result: NOTE installed size is 24.8Mb sub-directories of 1Mb or more: libs 23.1Mb Flavors: r-release-macos-arm64, r-release-macos-x86_64, r-oldrel-macos-arm64