CRAN Package Check Results for Package neatmaps

Last updated on 2022-08-12 21:53:08 CEST.

Flavor Version Tinstall Tcheck Ttotal Status Flags
r-devel-linux-x86_64-debian-clang 2.1.0 9.45 99.32 108.77 OK
r-devel-linux-x86_64-debian-gcc 2.1.0 7.16 72.75 79.91 OK
r-devel-linux-x86_64-fedora-clang 2.1.0 145.94 NOTE
r-devel-linux-x86_64-fedora-gcc 2.1.0 131.56 OK
r-devel-windows-x86_64 2.1.0 19.00 124.00 143.00 NOTE
r-patched-linux-x86_64 2.1.0 8.88 92.37 101.25 OK
r-release-linux-x86_64 2.1.0 6.55 92.09 98.64 OK
r-release-macos-arm64 2.1.0 41.00 NOTE
r-release-macos-x86_64 2.1.0 66.00 NOTE
r-release-windows-x86_64 2.1.0 19.00 129.00 148.00 NOTE
r-oldrel-macos-arm64 2.1.0 59.00 NOTE
r-oldrel-macos-x86_64 2.1.0 52.00 NOTE
r-oldrel-windows-ix86+x86_64 2.1.0 26.00 116.00 142.00 NOTE

Check Details

Version: 2.1.0
Check: installed package size
Result: NOTE
     installed size is 6.3Mb
Flavors: r-devel-linux-x86_64-fedora-clang, r-devel-windows-x86_64, r-release-macos-arm64, r-release-macos-x86_64, r-release-windows-x86_64, r-oldrel-macos-arm64, r-oldrel-macos-x86_64, r-oldrel-windows-ix86+x86_64