CRAN Package Check Results for Package neatStats

Last updated on 2022-06-30 06:49:30 CEST.

Flavor Version Tinstall Tcheck Ttotal Status Flags
r-devel-linux-x86_64-debian-clang 1.11.0 11.14 105.14 116.28 OK
r-devel-linux-x86_64-debian-gcc 1.11.0 10.52 77.76 88.28 OK
r-devel-linux-x86_64-fedora-clang 1.11.0 147.81 WARN
r-devel-linux-x86_64-fedora-gcc 1.11.0 147.19 WARN
r-devel-windows-x86_64 1.11.0 48.00 139.00 187.00 OK
r-patched-linux-x86_64 1.11.0 18.99 97.39 116.38 OK
r-release-linux-x86_64 1.11.0 9.49 99.50 108.99 OK
r-release-macos-arm64 1.11.0 36.00 OK
r-release-macos-x86_64 1.11.0 62.00 OK
r-release-windows-x86_64 1.11.0 54.00 142.00 196.00 OK
r-oldrel-macos-arm64 1.11.0 40.00 OK
r-oldrel-macos-x86_64 1.11.0 55.00 OK
r-oldrel-windows-ix86+x86_64 1.11.0 25.00 131.00 156.00 OK

Check Details

Version: 1.11.0
Check: package dependencies
Result: WARN
    Requires (indirectly) orphaned package: ‘gtools’
Flavors: r-devel-linux-x86_64-fedora-clang, r-devel-linux-x86_64-fedora-gcc