CRAN Package Check Results for Package ncappc

Last updated on 2020-09-22 14:05:03 CEST.

Flavor Version Tinstall Tcheck Ttotal Status Flags
r-devel-linux-x86_64-debian-clang 0.3.0 12.41 83.38 95.79 OK
r-devel-linux-x86_64-debian-gcc 0.3.0 11.61 65.24 76.85 OK
r-devel-linux-x86_64-fedora-clang 0.3.0 129.45 NOTE
r-devel-linux-x86_64-fedora-gcc 0.3.0 129.14 NOTE
r-devel-windows-ix86+x86_64 0.3.0 25.00 85.00 110.00 OK
r-patched-linux-x86_64 0.3.0 13.24 79.93 93.17 OK
r-patched-solaris-x86 0.3.0 151.00 NOTE
r-release-linux-x86_64 0.3.0 12.90 81.46 94.36 OK
r-release-macos-x86_64 0.3.0 NOTE
r-release-windows-ix86+x86_64 0.3.0 26.00 109.00 135.00 OK
r-oldrel-macos-x86_64 0.3.0 NOTE
r-oldrel-windows-ix86+x86_64 0.3.0 17.00 100.00 117.00 OK

Check Details

Version: 0.3.0
Check: dependencies in R code
Result: NOTE
    Namespace in Imports field not imported from: ‘bookdown’
     All declared Imports should be used.
Flavors: r-devel-linux-x86_64-fedora-clang, r-devel-linux-x86_64-fedora-gcc, r-patched-solaris-x86, r-release-macos-x86_64, r-oldrel-macos-x86_64