CRAN Package Check Results for Package nbpMatching

Last updated on 2020-07-07 02:08:30 CEST.

Flavor Version Tinstall Tcheck Ttotal Status Flags
r-devel-linux-x86_64-debian-clang 1.5.1 18.75 92.19 110.94 OK
r-devel-linux-x86_64-debian-gcc 1.5.1 14.37 70.30 84.67 OK
r-devel-linux-x86_64-fedora-clang 1.5.1 137.27 NOTE
r-devel-linux-x86_64-fedora-gcc 1.5.1 128.43 NOTE
r-devel-windows-ix86+x86_64 1.5.1 36.00 140.00 176.00 OK
r-patched-linux-x86_64 1.5.1 12.31 88.30 100.61 OK
r-patched-solaris-x86 1.5.1 185.10 OK
r-release-linux-x86_64 1.5.1 10.81 87.95 98.76 OK
r-release-osx-x86_64 1.5.1 OK
r-release-windows-ix86+x86_64 1.5.1 35.00 144.00 179.00 OK
r-oldrel-osx-x86_64 1.5.1 OK
r-oldrel-windows-ix86+x86_64 1.5.1 54.00 175.00 229.00 OK

Check Details

Version: 1.5.1
Check: compiled code
Result: NOTE
    File ‘nbpMatching/libs/nbpMatching.so’:
     Found no calls to: ‘R_registerRoutines’, ‘R_useDynamicSymbols’
    
    It is good practice to register native routines and to disable symbol
    search.
    
    See ‘Writing portable packages’ in the ‘Writing R Extensions’ manual.
Flavors: r-devel-linux-x86_64-fedora-clang, r-devel-linux-x86_64-fedora-gcc