CRAN Package Check Results for Package nawtilus

Last updated on 2024-06-18 12:56:00 CEST.

Flavor Version Tinstall Tcheck Ttotal Status Flags
r-devel-linux-x86_64-debian-clang 0.1.4 6.20 40.01 46.21 OK
r-devel-linux-x86_64-debian-gcc 0.1.4 5.21 29.54 34.75 OK
r-devel-linux-x86_64-fedora-clang 0.1.4 59.52 NOTE
r-devel-linux-x86_64-fedora-gcc 0.1.4 56.61 OK
r-devel-windows-x86_64 0.1.4 5.00 50.00 55.00 OK
r-patched-linux-x86_64 0.1.4 6.92 38.94 45.86 OK
r-release-linux-x86_64 0.1.4 6.44 37.86 44.30 OK
r-release-macos-arm64 0.1.4 20.00 OK
r-release-macos-x86_64 0.1.4 45.00 OK
r-release-windows-x86_64 0.1.4 5.00 52.00 57.00 OK
r-oldrel-macos-arm64 0.1.4 20.00 OK
r-oldrel-macos-x86_64 0.1.4 31.00 OK
r-oldrel-windows-x86_64 0.1.4 7.00 54.00 61.00 OK

Check Details

Version: 0.1.4
Check: Rd cross-references
Result: NOTE Undeclared package ‘CBPS’ in Rd xrefs Flavor: r-devel-linux-x86_64-fedora-clang