CRAN Package Check Results for Package natural

Last updated on 2022-08-09 12:53:31 CEST.

Flavor Version Tinstall Tcheck Ttotal Status Flags
r-devel-linux-x86_64-debian-clang 0.9.0 12.95 161.35 174.30 NOTE
r-devel-linux-x86_64-debian-gcc 0.9.0 10.33 132.15 142.48 NOTE
r-devel-linux-x86_64-fedora-clang 0.9.0 217.57 NOTE
r-devel-linux-x86_64-fedora-gcc 0.9.0 229.24 NOTE
r-devel-windows-x86_64 0.9.0 19.00 213.00 232.00 NOTE
r-patched-linux-x86_64 0.9.0 11.92 165.48 177.40 NOTE
r-release-linux-x86_64 0.9.0 NOTE
r-release-macos-arm64 0.9.0 71.00 NOTE
r-release-macos-x86_64 0.9.0 89.00 NOTE
r-release-windows-x86_64 0.9.0 20.00 204.00 224.00 NOTE
r-oldrel-macos-arm64 0.9.0 86.00 NOTE
r-oldrel-macos-x86_64 0.9.0 109.00 NOTE
r-oldrel-windows-ix86+x86_64 0.9.0 33.00 224.00 257.00 NOTE

Check Details

Version: 0.9.0
Check: LazyData
Result: NOTE
     'LazyData' is specified without a 'data' directory
Flavors: r-devel-linux-x86_64-debian-clang, r-devel-linux-x86_64-debian-gcc, r-devel-linux-x86_64-fedora-clang, r-devel-linux-x86_64-fedora-gcc, r-devel-windows-x86_64, r-patched-linux-x86_64, r-release-linux-x86_64, r-release-macos-arm64, r-release-macos-x86_64, r-release-windows-x86_64, r-oldrel-macos-arm64, r-oldrel-macos-x86_64, r-oldrel-windows-ix86+x86_64