Last updated on 2022-08-10 18:52:36 CEST.
Flavor | Version | Tinstall | Tcheck | Ttotal | Status | Flags |
---|---|---|---|---|---|---|
r-devel-linux-x86_64-debian-clang | 0.5.0 | 7.43 | 139.10 | 146.53 | OK | |
r-devel-linux-x86_64-debian-gcc | 0.5.0 | 5.75 | 103.71 | 109.46 | OK | |
r-devel-linux-x86_64-fedora-clang | 0.5.0 | 192.75 | NOTE | |||
r-devel-linux-x86_64-fedora-gcc | 0.5.0 | 180.96 | NOTE | |||
r-devel-windows-x86_64 | 0.5.0 | 48.00 | 181.00 | 229.00 | OK | |
r-patched-linux-x86_64 | 0.5.0 | 8.33 | 131.22 | 139.55 | OK | |
r-release-linux-x86_64 | 0.5.0 | OK | ||||
r-release-macos-arm64 | 0.5.0 | 44.00 | NOTE | |||
r-release-macos-x86_64 | 0.5.0 | 76.00 | NOTE | |||
r-release-windows-x86_64 | 0.5.0 | 35.00 | 186.00 | 221.00 | OK | |
r-oldrel-macos-arm64 | 0.5.0 | 48.00 | NOTE | |||
r-oldrel-macos-x86_64 | 0.5.0 | 77.00 | NOTE | |||
r-oldrel-windows-ix86+x86_64 | 0.5.0 | 18.00 | 171.00 | 189.00 | OK |
Version: 0.5.0
Check: data for non-ASCII characters
Result: NOTE
Note: found 5 marked Latin-1 strings
Note: found 7187 marked UTF-8 strings
Flavors: r-devel-linux-x86_64-fedora-clang, r-devel-linux-x86_64-fedora-gcc, r-release-macos-arm64, r-release-macos-x86_64, r-oldrel-macos-arm64, r-oldrel-macos-x86_64