CRAN Package Check Results for Package natmanager

Last updated on 2022-11-30 06:53:34 CET.

Flavor Version Tinstall Tcheck Ttotal Status Flags
r-devel-linux-x86_64-debian-clang 0.4.9 3.33 34.14 37.47 OK
r-devel-linux-x86_64-debian-gcc 0.4.9 2.55 26.55 29.10 OK
r-devel-linux-x86_64-fedora-clang 0.4.9 57.47 OK
r-devel-linux-x86_64-fedora-gcc 0.4.9 55.34 OK
r-devel-windows-x86_64 0.4.9 14.00 59.00 73.00 OK
r-patched-linux-x86_64 0.4.9 3.36 32.58 35.94 OK
r-release-linux-x86_64 0.4.9 3.16 32.19 35.35 OK
r-release-macos-arm64 0.4.9 19.00 OK
r-release-macos-x86_64 0.4.9 28.00 OK
r-release-windows-x86_64 0.4.9 9.00 63.00 72.00 OK
r-oldrel-macos-arm64 0.4.9 20.00 OK
r-oldrel-macos-x86_64 0.4.9 29.00 OK
r-oldrel-windows-ix86+x86_64 0.4.9 10.00 68.00 78.00 WARN

Check Details

Version: 0.4.9
Check: for unstated dependencies in ‘tests’
Result: WARN
    Warning: unable to access index for repository https://bioconductor.org/packages/3.14/bioc/src/contrib:
     cannot open URL 'https://bioconductor.org/packages/3.14/bioc/src/contrib/PACKAGES'
    Warning: unable to access index for repository https://bioconductor.org/packages/3.14/data/annotation/src/contrib:
     cannot open URL 'https://bioconductor.org/packages/3.14/data/annotation/src/contrib/PACKAGES'
    Warning: unable to access index for repository https://bioconductor.org/packages/3.14/data/experiment/src/contrib:
     cannot open URL 'https://bioconductor.org/packages/3.14/data/experiment/src/contrib/PACKAGES'
Flavor: r-oldrel-windows-ix86+x86_64