Last updated on 2025-01-24 21:48:32 CET.
Flavor | Version | Tinstall | Tcheck | Ttotal | Status | Flags |
---|---|---|---|---|---|---|
r-devel-linux-x86_64-debian-clang | 0.5.1 | 17.55 | 33.06 | 50.61 | NOTE | |
r-devel-linux-x86_64-debian-gcc | 0.5.1 | 11.34 | 26.22 | 37.56 | NOTE | |
r-devel-linux-x86_64-fedora-clang | 0.5.1 | 83.11 | NOTE | |||
r-devel-linux-x86_64-fedora-gcc | 0.5.1 | 96.65 | NOTE | |||
r-devel-windows-x86_64 | 0.5.1 | 20.00 | 73.00 | 93.00 | NOTE | |
r-patched-linux-x86_64 | 0.5.1 | 16.11 | 31.43 | 47.54 | NOTE | |
r-release-linux-x86_64 | 0.5.1 | 16.00 | 31.02 | 47.02 | NOTE | |
r-release-macos-arm64 | 0.5.1 | 33.00 | NOTE | |||
r-release-macos-x86_64 | 0.5.1 | 49.00 | NOTE | |||
r-release-windows-x86_64 | 0.5.1 | 18.00 | 72.00 | 90.00 | NOTE | |
r-oldrel-macos-arm64 | 0.5.1 | 34.00 | NOTE | |||
r-oldrel-macos-x86_64 | 0.5.1 | 51.00 | NOTE | |||
r-oldrel-windows-x86_64 | 0.5.1 | 21.00 | 83.00 | 104.00 | NOTE |
Version: 0.5.1
Check: C++ specification
Result: NOTE
Specified C++11: please drop specification unless essential
Flavors: r-devel-linux-x86_64-debian-clang, r-devel-linux-x86_64-debian-gcc, r-devel-linux-x86_64-fedora-clang, r-devel-linux-x86_64-fedora-gcc, r-devel-windows-x86_64, r-patched-linux-x86_64, r-release-linux-x86_64, r-release-macos-arm64, r-release-macos-x86_64, r-release-windows-x86_64, r-oldrel-macos-arm64, r-oldrel-macos-x86_64, r-oldrel-windows-x86_64