CRAN Package Check Results for Package nanop

Last updated on 2022-10-06 01:49:53 CEST.

Flavor Version Tinstall Tcheck Ttotal Status Flags
r-devel-linux-x86_64-debian-clang 2.0-6 10.49 67.21 77.70 OK
r-devel-linux-x86_64-debian-gcc 2.0-6 7.40 48.86 56.26 OK
r-devel-linux-x86_64-fedora-clang 2.0-6 112.52 WARN
r-devel-linux-x86_64-fedora-gcc 2.0-6 108.64 NOTE
r-devel-windows-x86_64 2.0-6 18.00 89.00 107.00 OK
r-patched-linux-x86_64 2.0-6 8.46 62.88 71.34 OK
r-release-linux-x86_64 2.0-6 9.47 64.12 73.59 OK
r-release-macos-arm64 2.0-6 31.00 OK
r-release-macos-x86_64 2.0-6 39.00 OK
r-release-windows-x86_64 2.0-6 16.00 87.00 103.00 OK
r-oldrel-macos-arm64 2.0-6 40.00 OK
r-oldrel-macos-x86_64 2.0-6 47.00 OK
r-oldrel-windows-ix86+x86_64 2.0-6 21.00 117.00 138.00 OK

Additional issues

clang15 clang15

Check Details

Version: 2.0-6
Check: whether package can be installed
Result: WARN
    Found the following significant warnings:
     pdf_debye.c:1039:162: warning: invalid UTF-8 in comment [-Winvalid-utf8]
Flavor: r-devel-linux-x86_64-fedora-clang

Version: 2.0-6
Check: compiled code
Result: NOTE
    File ‘nanop/libs/nanop.so’:
     Found no calls to: ‘R_registerRoutines’, ‘R_useDynamicSymbols’
    
    It is good practice to register native routines and to disable symbol
    search.
    
    See ‘Writing portable packages’ in the ‘Writing R Extensions’ manual.
Flavors: r-devel-linux-x86_64-fedora-clang, r-devel-linux-x86_64-fedora-gcc