CRAN Package Check Results for Package namedCapture

Last updated on 2020-05-27 07:51:02 CEST.

Flavor Version Tinstall Tcheck Ttotal Status Flags
r-devel-linux-x86_64-debian-clang 2020.4.1 1.89 30.47 32.36 NOTE
r-devel-linux-x86_64-debian-gcc 2020.4.1 1.79 24.10 25.89 NOTE
r-devel-linux-x86_64-fedora-clang 2020.4.1 40.80 NOTE
r-devel-linux-x86_64-fedora-gcc 2020.4.1 40.04 NOTE
r-devel-windows-ix86+x86_64 2020.4.1 10.00 47.00 57.00 OK
r-patched-linux-x86_64 2020.4.1 2.11 30.69 32.80 NOTE
r-patched-solaris-x86 2020.4.1 61.60 NOTE
r-release-linux-x86_64 2020.4.1 2.10 30.39 32.49 NOTE
r-release-osx-x86_64 2020.4.1 NOTE
r-release-windows-ix86+x86_64 2020.4.1 6.00 64.00 70.00 OK
r-oldrel-osx-x86_64 2020.4.1 OK
r-oldrel-windows-ix86+x86_64 2020.4.1 8.00 49.00 57.00 OK

Check Details

Version: 2020.4.1
Check: package dependencies
Result: NOTE
    Package suggested but not available for checking: 're2r'
Flavors: r-devel-linux-x86_64-debian-clang, r-devel-linux-x86_64-debian-gcc, r-devel-linux-x86_64-fedora-clang, r-devel-linux-x86_64-fedora-gcc, r-patched-linux-x86_64, r-patched-solaris-x86, r-release-linux-x86_64, r-release-osx-x86_64