CRAN Package Check Results for Package naivebayes

Last updated on 2024-05-30 12:49:25 CEST.

Flavor Version Tinstall Tcheck Ttotal Status Flags
r-devel-linux-x86_64-debian-clang 1.0.0 4.91 55.30 60.21 WARN
r-devel-linux-x86_64-debian-gcc 1.0.0 4.52 42.12 46.64 OK
r-devel-linux-x86_64-fedora-clang 1.0.0 78.50 OK
r-devel-linux-x86_64-fedora-gcc 1.0.0 108.20 OK
r-devel-windows-x86_64 1.0.0 5.00 73.00 78.00 OK
r-patched-linux-x86_64 1.0.0 6.04 53.17 59.21 WARN
r-release-linux-x86_64 1.0.0 5.21 52.96 58.17 OK
r-release-macos-arm64 1.0.0 47.00 OK
r-release-macos-x86_64 1.0.0 136.00 OK
r-release-windows-x86_64 1.0.0 6.00 73.00 79.00 OK
r-oldrel-macos-arm64 1.0.0 60.00 OK
r-oldrel-macos-x86_64 1.0.0 142.00 OK
r-oldrel-windows-x86_64 1.0.0 6.00 75.00 81.00 OK

Check Details

Version: 1.0.0
Check: re-building of vignette outputs
Result: WARN Error(s) in re-building vignettes: ... --- re-building ‘intro_naivebayes.Rnw’ using knitr Error: processing vignette 'intro_naivebayes.Rnw' failed with diagnostics: Running 'texi2dvi' on 'intro_naivebayes.tex' failed. LaTeX errors: ! Undefined control sequence. l.128 \hlkwd{install.packages}\hldef {(}\hlsng{"naivebayes"}\hldef{)} ? ! Emergency stop. ! Emergency stop. l.128 End of file on the terminal! ! ==> Fatal error occurred, no output PDF file produced! --- failed re-building ‘intro_naivebayes.Rnw’ SUMMARY: processing the following file failed: ‘intro_naivebayes.Rnw’ Error: Vignette re-building failed. Execution halted Flavors: r-devel-linux-x86_64-debian-clang, r-patched-linux-x86_64