CRAN Package Check Results for Package nadiv

Last updated on 2020-05-30 13:51:31 CEST.

Flavor Version Tinstall Tcheck Ttotal Status Flags
r-devel-linux-x86_64-debian-clang 2.16.2.0 23.13 75.02 98.15 NOTE
r-devel-linux-x86_64-debian-gcc 2.16.2.0 16.86 58.87 75.73 NOTE
r-devel-linux-x86_64-fedora-clang 2.16.2.0 124.36 NOTE
r-devel-linux-x86_64-fedora-gcc 2.16.2.0 115.52 NOTE
r-devel-windows-ix86+x86_64 2.16.2.0 60.00 160.00 220.00 NOTE
r-patched-linux-x86_64 2.16.2.0 18.91 75.30 94.21 NOTE
r-patched-solaris-x86 2.16.2.0 171.90 NOTE
r-release-linux-x86_64 2.16.2.0 18.88 75.37 94.25 NOTE
r-release-osx-x86_64 2.16.2.0 NOTE
r-release-windows-ix86+x86_64 2.16.2.0 54.00 152.00 206.00 NOTE
r-oldrel-osx-x86_64 2.16.2.0 NOTE
r-oldrel-windows-ix86+x86_64 2.16.2.0 61.00 118.00 179.00 NOTE

Check Details

Version: 2.16.2.0
Check: package dependencies
Result: NOTE
    Package which this enhances but not available for checking: 'asreml'
Flavors: r-devel-linux-x86_64-debian-clang, r-devel-linux-x86_64-debian-gcc, r-devel-linux-x86_64-fedora-clang, r-devel-linux-x86_64-fedora-gcc, r-devel-windows-ix86+x86_64, r-patched-linux-x86_64, r-patched-solaris-x86, r-release-linux-x86_64, r-release-osx-x86_64, r-release-windows-ix86+x86_64, r-oldrel-osx-x86_64, r-oldrel-windows-ix86+x86_64