CRAN Package Check Results for Package naaccr

Last updated on 2022-10-02 18:50:53 CEST.

Flavor Version Tinstall Tcheck Ttotal Status Flags
r-devel-linux-x86_64-debian-clang 1.0.0 4.63 123.05 127.68 OK
r-devel-linux-x86_64-debian-gcc 1.0.0 3.10 88.97 92.07 OK
r-devel-linux-x86_64-fedora-clang 1.0.0 134.64 NOTE
r-devel-linux-x86_64-fedora-gcc 1.0.0 118.13 NOTE
r-devel-windows-x86_64 1.0.0 29.00 107.00 136.00 OK
r-patched-linux-x86_64 1.0.0 4.52 94.25 98.77 OK
r-release-linux-x86_64 1.0.0 3.37 90.40 93.77 OK
r-release-macos-arm64 1.0.0 26.00 NOTE
r-release-macos-x86_64 1.0.0 40.00 NOTE
r-release-windows-x86_64 1.0.0 28.00 103.00 131.00 OK
r-oldrel-macos-arm64 1.0.0 35.00 NOTE
r-oldrel-macos-x86_64 1.0.0 60.00 NOTE
r-oldrel-windows-ix86+x86_64 1.0.0 11.00 95.00 106.00 OK

Check Details

Version: 1.0.0
Check: data for non-ASCII characters
Result: NOTE
     Note: found 50 marked UTF-8 strings
Flavors: r-devel-linux-x86_64-fedora-clang, r-devel-linux-x86_64-fedora-gcc, r-release-macos-arm64, r-release-macos-x86_64, r-oldrel-macos-arm64, r-oldrel-macos-x86_64