CRAN Package Check Results for Package mvoutlier

Last updated on 2022-11-30 12:54:37 CET.

Flavor Version Tinstall Tcheck Ttotal Status Flags
r-devel-linux-x86_64-debian-clang 2.1.1 7.32 52.29 59.61 NOTE
r-devel-linux-x86_64-debian-gcc 2.1.1 5.11 39.64 44.75 NOTE
r-devel-linux-x86_64-fedora-clang 2.1.1 81.41 NOTE
r-devel-linux-x86_64-fedora-gcc 2.1.1 79.40 NOTE
r-devel-windows-x86_64 2.1.1 19.00 87.00 106.00 NOTE
r-patched-linux-x86_64 2.1.1 7.51 47.67 55.18 OK
r-release-linux-x86_64 2.1.1 6.35 48.79 55.14 OK
r-release-macos-arm64 2.1.1 24.00 OK
r-release-macos-x86_64 2.1.1 31.00 OK
r-release-windows-x86_64 2.1.1 30.00 87.00 117.00 OK
r-oldrel-macos-arm64 2.1.1 27.00 OK
r-oldrel-macos-x86_64 2.1.1 35.00 OK
r-oldrel-windows-ix86+x86_64 2.1.1 11.00 77.00 88.00 OK

Check Details

Version: 2.1.1
Check: Rd files
Result: NOTE
    checkRd: (-1) pkb.Rd:14: Escaped LaTeX specials: \# \# \#
Flavors: r-devel-linux-x86_64-debian-clang, r-devel-linux-x86_64-debian-gcc, r-devel-linux-x86_64-fedora-clang, r-devel-linux-x86_64-fedora-gcc, r-devel-windows-x86_64