CRAN Package Check Results for Package mvGPS

Last updated on 2022-09-29 12:55:32 CEST.

Flavor Version Tinstall Tcheck Ttotal Status Flags
r-devel-linux-x86_64-debian-clang 1.2.2 10.89 153.72 164.61 NOTE
r-devel-linux-x86_64-debian-gcc 1.2.2 9.37 113.98 123.35 NOTE
r-devel-linux-x86_64-fedora-clang 1.2.2 216.09 NOTE
r-devel-linux-x86_64-fedora-gcc 1.2.2 213.60 NOTE
r-devel-windows-x86_64 1.2.2 20.00 213.00 233.00 NOTE
r-patched-linux-x86_64 1.2.2 12.20 143.43 155.63 OK
r-release-linux-x86_64 1.2.2 9.82 142.40 152.22 OK
r-release-macos-arm64 1.2.2 65.00 NOTE
r-release-macos-x86_64 1.2.2 118.00 NOTE
r-release-windows-x86_64 1.2.2 27.00 175.00 202.00 OK
r-oldrel-macos-arm64 1.2.2 48.00 NOTE
r-oldrel-macos-x86_64 1.2.2 79.00 NOTE
r-oldrel-windows-ix86+x86_64 1.2.2 29.00 178.00 207.00 OK

Check Details

Version: 1.2.2
Check: Rd files
Result: NOTE
    checkRd: (-1) bal.Rd:156: Escaped LaTeX specials: \&
Flavors: r-devel-linux-x86_64-debian-clang, r-devel-linux-x86_64-debian-gcc, r-devel-linux-x86_64-fedora-clang, r-devel-linux-x86_64-fedora-gcc, r-devel-windows-x86_64

Version: 1.2.2
Check: dependencies in R code
Result: NOTE
    Namespace in Imports field not imported from: ‘Rdpack’
     All declared Imports should be used.
Flavors: r-devel-linux-x86_64-fedora-clang, r-devel-linux-x86_64-fedora-gcc, r-release-macos-arm64, r-release-macos-x86_64, r-oldrel-macos-arm64, r-oldrel-macos-x86_64