CRAN Package Check Results for Package mumm

Last updated on 2020-10-25 22:48:20 CET.

Flavor Version Tinstall Tcheck Ttotal Status Flags
r-devel-linux-x86_64-debian-clang 0.2.1 108.02 74.90 182.92 OK
r-devel-linux-x86_64-debian-gcc 0.2.1 91.34 57.04 148.38 OK
r-devel-linux-x86_64-fedora-clang 0.2.1 258.19 NOTE
r-devel-linux-x86_64-fedora-gcc 0.2.1 247.40 OK
r-devel-windows-ix86+x86_64 0.2.1 190.00 146.00 336.00 NOTE
r-patched-linux-x86_64 0.2.1 108.93 69.57 178.50 OK
r-patched-solaris-x86 0.2.1 242.40 OK
r-release-linux-x86_64 0.2.1 101.85 68.66 170.51 OK
r-release-macos-x86_64 0.2.1 NOTE
r-release-windows-ix86+x86_64 0.2.1 147.00 108.00 255.00 NOTE
r-oldrel-macos-x86_64 0.2.1 NOTE
r-oldrel-windows-ix86+x86_64 0.2.1 192.00 125.00 317.00 NOTE

Check Details

Version: 0.2.1
Check: installed package size
Result: NOTE
     installed size is 28.4Mb
     sub-directories of 1Mb or more:
     libs 28.3Mb
Flavors: r-devel-linux-x86_64-fedora-clang, r-devel-windows-ix86+x86_64, r-release-macos-x86_64, r-release-windows-ix86+x86_64, r-oldrel-macos-x86_64, r-oldrel-windows-ix86+x86_64