CRAN Package Check Results for Package multiwayvcov

Last updated on 2020-10-28 19:47:52 CET.

Flavor Version Tinstall Tcheck Ttotal Status Flags
r-devel-linux-x86_64-debian-clang 1.2.3 2.45 25.56 28.01 OK
r-devel-linux-x86_64-debian-gcc 1.2.3 2.28 20.35 22.63 OK
r-devel-linux-x86_64-fedora-clang 1.2.3 43.27 NOTE
r-devel-linux-x86_64-fedora-gcc 1.2.3 33.40 OK
r-devel-windows-ix86+x86_64 1.2.3 7.00 42.00 49.00 OK
r-patched-linux-x86_64 1.2.3 OK
r-patched-solaris-x86 1.2.3 51.90 OK
r-release-linux-x86_64 1.2.3 2.94 24.62 27.56 OK
r-release-macos-x86_64 1.2.3 OK
r-release-windows-ix86+x86_64 1.2.3 7.00 31.00 38.00 OK
r-oldrel-macos-x86_64 1.2.3 OK
r-oldrel-windows-ix86+x86_64 1.2.3 22.00 42.00 64.00 OK

Check Details

Version: 1.2.3
Check: Rd cross-references
Result: NOTE
    Undeclared package ‘lfe’ in Rd xrefs
Flavor: r-devel-linux-x86_64-fedora-clang