CRAN Package Check Results for Package multivar

Last updated on 2020-10-29 13:48:50 CET.

Flavor Version Tinstall Tcheck Ttotal Status Flags
r-devel-linux-x86_64-debian-clang 0.0.2 38.05 25.17 63.22 OK
r-devel-linux-x86_64-debian-gcc 0.0.2 24.97 19.81 44.78 OK
r-devel-linux-x86_64-fedora-clang 0.0.2 90.87 NOTE
r-devel-linux-x86_64-fedora-gcc 0.0.2 75.59 NOTE
r-devel-windows-ix86+x86_64 0.0.2 80.00 68.00 148.00 OK
r-patched-linux-x86_64 0.0.2 31.16 24.07 55.23 OK
r-patched-solaris-x86 0.0.2 81.10 NOTE
r-release-linux-x86_64 0.0.2 33.12 24.32 57.44 OK
r-release-macos-x86_64 0.0.2 NOTE
r-release-windows-ix86+x86_64 0.0.2 71.00 67.00 138.00 OK
r-oldrel-macos-x86_64 0.0.2 NOTE
r-oldrel-windows-ix86+x86_64 0.0.2 78.00 47.00 125.00 OK

Check Details

Version: 0.0.2
Check: dependencies in R code
Result: NOTE
    Namespaces in Imports field not imported from:
     ‘stats’ ‘utils’
     All declared Imports should be used.
Flavors: r-devel-linux-x86_64-fedora-clang, r-devel-linux-x86_64-fedora-gcc, r-patched-solaris-x86, r-release-macos-x86_64, r-oldrel-macos-x86_64