CRAN Package Check Results for Package multipanelfigure

Last updated on 2022-08-18 18:50:06 CEST.

Flavor Version Tinstall Tcheck Ttotal Status Flags
r-devel-linux-x86_64-debian-clang 2.1.2 6.51 95.27 101.78 OK
r-devel-linux-x86_64-debian-gcc 2.1.2 6.16 69.63 75.79 OK
r-devel-linux-x86_64-fedora-clang 2.1.2 131.82 OK
r-devel-linux-x86_64-fedora-gcc 2.1.2 132.15 OK
r-devel-windows-x86_64 2.1.2 53.00 128.00 181.00 OK
r-patched-linux-x86_64 2.1.2 7.20 86.73 93.93 OK
r-release-linux-x86_64 2.1.2 OK
r-release-macos-arm64 2.1.2 42.00 NOTE
r-release-macos-x86_64 2.1.2 70.00 OK
r-release-windows-x86_64 2.1.2 69.00 129.00 198.00 OK
r-oldrel-macos-arm64 2.1.2 49.00 NOTE
r-oldrel-macos-x86_64 2.1.2 75.00 OK
r-oldrel-windows-ix86+x86_64 2.1.2 18.00 116.00 134.00 OK

Check Details

Version: 2.1.2
Check: package dependencies
Result: NOTE
    Package suggested but not available for checking: ‘ComplexHeatmap’
Flavors: r-release-macos-arm64, r-oldrel-macos-arm64

Version: 2.1.2
Check: Rd cross-references
Result: NOTE
    Package unavailable to check Rd xrefs: ‘ComplexHeatmap’
Flavors: r-release-macos-arm64, r-oldrel-macos-arm64