CRAN Package Check Results for Package multibridge

Last updated on 2022-09-29 12:55:32 CEST.

Flavor Version Tinstall Tcheck Ttotal Status Flags
r-devel-linux-x86_64-debian-clang 1.1.0 20.26 331.57 351.83 NOTE
r-devel-linux-x86_64-debian-gcc 1.1.0 14.68 230.38 245.06 NOTE
r-devel-linux-x86_64-fedora-clang 1.1.0 467.95 NOTE
r-devel-linux-x86_64-fedora-gcc 1.1.0 448.37 NOTE
r-devel-windows-x86_64 1.1.0 72.00 325.00 397.00 NOTE
r-patched-linux-x86_64 1.1.0 18.92 310.41 329.33 NOTE
r-release-linux-x86_64 1.1.0 17.83 315.02 332.85 NOTE
r-release-macos-arm64 1.1.0 103.00 NOTE
r-release-macos-x86_64 1.1.0 134.00 NOTE
r-release-windows-x86_64 1.1.0 47.00 321.00 368.00 NOTE
r-oldrel-macos-arm64 1.1.0 115.00 NOTE
r-oldrel-macos-x86_64 1.1.0 170.00 NOTE
r-oldrel-windows-ix86+x86_64 1.1.0 51.00 698.00 749.00 NOTE

Check Details

Version: 1.1.0
Check: for GNU extensions in Makefiles
Result: NOTE
    GNU make is a SystemRequirements.
Flavors: r-devel-linux-x86_64-debian-clang, r-devel-linux-x86_64-debian-gcc, r-devel-linux-x86_64-fedora-clang, r-devel-linux-x86_64-fedora-gcc, r-devel-windows-x86_64, r-patched-linux-x86_64, r-release-linux-x86_64, r-release-macos-arm64, r-release-macos-x86_64, r-release-windows-x86_64, r-oldrel-macos-arm64, r-oldrel-macos-x86_64, r-oldrel-windows-ix86+x86_64

Version: 1.1.0
Check: dependencies in R code
Result: NOTE
    Namespace in Imports field not imported from: ‘Rdpack’
     All declared Imports should be used.
Flavors: r-devel-linux-x86_64-fedora-clang, r-devel-linux-x86_64-fedora-gcc, r-release-macos-arm64, r-release-macos-x86_64, r-oldrel-macos-arm64, r-oldrel-macos-x86_64