Last updated on 2022-06-28 00:51:20 CEST.
Flavor | Version | Tinstall | Tcheck | Ttotal | Status | Flags |
---|---|---|---|---|---|---|
r-devel-linux-x86_64-debian-clang | 0.8.2 | 57.55 | 263.64 | 321.19 | OK | |
r-devel-linux-x86_64-debian-gcc | 0.8.2 | 40.89 | 206.55 | 247.44 | OK | |
r-devel-linux-x86_64-fedora-clang | 0.8.2 | 391.58 | WARN | |||
r-devel-linux-x86_64-fedora-gcc | 0.8.2 | 341.16 | WARN | |||
r-devel-windows-x86_64 | 0.8.2 | 107.00 | 327.00 | 434.00 | OK | |
r-patched-linux-x86_64 | 0.8.2 | 57.52 | 249.11 | 306.63 | OK | |
r-release-linux-x86_64 | 0.8.2 | 49.05 | 247.74 | 296.79 | OK | |
r-release-macos-arm64 | 0.8.2 | 110.00 | NOTE | |||
r-release-macos-x86_64 | 0.8.2 | 153.00 | NOTE | |||
r-release-windows-x86_64 | 0.8.2 | 120.00 | 312.00 | 432.00 | OK | |
r-oldrel-macos-arm64 | 0.8.2 | 127.00 | NOTE | |||
r-oldrel-macos-x86_64 | 0.8.2 | 163.00 | NOTE | |||
r-oldrel-windows-ix86+x86_64 | 0.8.2 | 120.00 | 434.00 | 554.00 | OK |
Version: 0.8.2
Check: package dependencies
Result: WARN
Requires (indirectly) orphaned package: ‘gtools’
Flavors: r-devel-linux-x86_64-fedora-clang, r-devel-linux-x86_64-fedora-gcc
Version: 0.8.2
Check: installed package size
Result: NOTE
installed size is 6.2Mb
sub-directories of 1Mb or more:
doc 1.5Mb
libs 3.5Mb
Flavors: r-devel-linux-x86_64-fedora-clang, r-release-macos-arm64, r-release-macos-x86_64, r-oldrel-macos-arm64, r-oldrel-macos-x86_64