CRAN Package Check Results for Package muir

Last updated on 2024-06-15 18:57:54 CEST.

Flavor Version Tinstall Tcheck Ttotal Status Flags
r-devel-linux-x86_64-debian-clang 0.1.0 5.24 43.91 49.15 NOTE
r-devel-linux-x86_64-debian-gcc 0.1.0 4.96 33.99 38.95 NOTE
r-devel-linux-x86_64-fedora-clang 0.1.0 65.74 NOTE
r-devel-linux-x86_64-fedora-gcc 0.1.0 59.12 NOTE
r-devel-windows-x86_64 0.1.0 6.00 64.00 70.00 NOTE
r-patched-linux-x86_64 0.1.0 3.83 43.76 47.59 NOTE
r-release-linux-x86_64 0.1.0 3.70 42.44 46.14 NOTE
r-release-macos-arm64 0.1.0 24.00 NOTE
r-release-macos-x86_64 0.1.0 45.00 NOTE
r-release-windows-x86_64 0.1.0 6.00 55.00 61.00 NOTE
r-oldrel-macos-arm64 0.1.0 24.00 NOTE
r-oldrel-macos-x86_64 0.1.0 34.00 NOTE
r-oldrel-windows-x86_64 0.1.0 7.00 64.00 71.00 NOTE

Check Details

Version: 0.1.0
Check: LazyData
Result: NOTE 'LazyData' is specified without a 'data' directory Flavors: r-devel-linux-x86_64-debian-clang, r-devel-linux-x86_64-debian-gcc, r-devel-linux-x86_64-fedora-clang, r-devel-linux-x86_64-fedora-gcc, r-devel-windows-x86_64, r-patched-linux-x86_64, r-release-linux-x86_64, r-release-macos-arm64, r-release-macos-x86_64, r-release-windows-x86_64, r-oldrel-macos-arm64, r-oldrel-macos-x86_64, r-oldrel-windows-x86_64