CRAN Package Check Results for Package mthapower

Last updated on 2022-06-26 12:54:52 CEST.

Flavor Version Tinstall Tcheck Ttotal Status Flags
r-devel-linux-x86_64-debian-clang 0.1.1 1.60 20.64 22.24 NOTE
r-devel-linux-x86_64-debian-gcc 0.1.1 1.57 16.17 17.74 NOTE
r-devel-linux-x86_64-fedora-clang 0.1.1 38.54 NOTE
r-devel-linux-x86_64-fedora-gcc 0.1.1 37.09 NOTE
r-devel-windows-x86_64 0.1.1 18.00 46.00 64.00 NOTE
r-patched-linux-x86_64 0.1.1 1.87 19.84 21.71 NOTE
r-release-linux-x86_64 0.1.1 1.35 20.35 21.70 NOTE
r-release-macos-arm64 0.1.1 14.00 NOTE
r-release-macos-x86_64 0.1.1 18.00 NOTE
r-release-windows-x86_64 0.1.1 13.00 49.00 62.00 NOTE
r-oldrel-macos-arm64 0.1.1 16.00 NOTE
r-oldrel-macos-x86_64 0.1.1 24.00 NOTE
r-oldrel-windows-ix86+x86_64 0.1.1 5.00 38.00 43.00 NOTE

Check Details

Version: 0.1.1
Check: LazyData
Result: NOTE
     'LazyData' is specified without a 'data' directory
Flavors: r-devel-linux-x86_64-debian-clang, r-devel-linux-x86_64-debian-gcc, r-devel-linux-x86_64-fedora-clang, r-devel-linux-x86_64-fedora-gcc, r-devel-windows-x86_64, r-patched-linux-x86_64, r-release-linux-x86_64, r-release-macos-arm64, r-release-macos-x86_64, r-release-windows-x86_64, r-oldrel-macos-arm64, r-oldrel-macos-x86_64, r-oldrel-windows-ix86+x86_64