CRAN Package Check Results for Package mssm

Last updated on 2022-10-01 13:51:36 CEST.

Flavor Version Tinstall Tcheck Ttotal Status Flags
r-devel-linux-x86_64-debian-clang 0.1.6 375.51 63.63 439.14 OK
r-devel-linux-x86_64-debian-gcc 0.1.6 315.01 48.37 363.38 OK
r-devel-linux-x86_64-fedora-clang 0.1.6 673.15 OK
r-devel-linux-x86_64-fedora-gcc 0.1.6 629.76 OK
r-devel-windows-x86_64 0.1.6 316.00 153.00 469.00 OK
r-patched-linux-x86_64 0.1.6 275.38 61.46 336.84 OK
r-release-linux-x86_64 0.1.6 252.63 61.59 314.22 OK
r-release-macos-arm64 0.1.6 128.00 NOTE
r-release-macos-x86_64 0.1.6 220.00 NOTE
r-release-windows-x86_64 0.1.6 323.00 153.00 476.00 OK
r-oldrel-macos-arm64 0.1.6 111.00 NOTE
r-oldrel-macos-x86_64 0.1.6 160.00 NOTE
r-oldrel-windows-ix86+x86_64 0.1.6 943.00 204.00 1147.00 NOTE

Check Details

Version: 0.1.6
Check: installed package size
Result: NOTE
     installed size is 18.1Mb
     sub-directories of 1Mb or more:
     help 1.0Mb
     libs 17.0Mb
Flavors: r-release-macos-arm64, r-release-macos-x86_64, r-oldrel-macos-arm64, r-oldrel-macos-x86_64, r-oldrel-windows-ix86+x86_64