Last updated on 2023-01-30 12:55:24 CET.
Flavor | Version | Tinstall | Tcheck | Ttotal | Status | Flags |
---|---|---|---|---|---|---|
r-devel-linux-x86_64-debian-clang | 1.3.3 | 3.41 | 51.61 | 55.02 | NOTE | |
r-devel-linux-x86_64-debian-gcc | 1.3.3 | 2.95 | 38.94 | 41.89 | NOTE | |
r-devel-linux-x86_64-fedora-clang | 1.3.3 | 66.50 | NOTE | |||
r-devel-linux-x86_64-fedora-gcc | 1.3.3 | 76.99 | NOTE | |||
r-devel-windows-x86_64 | 1.3.3 | 11.00 | 92.00 | 103.00 | NOTE | |
r-patched-linux-x86_64 | 1.3.3 | 3.14 | 48.25 | 51.39 | NOTE | |
r-release-linux-x86_64 | 1.3.3 | 3.13 | 48.07 | 51.20 | NOTE | |
r-release-macos-arm64 | 1.3.3 | 23.00 | NOTE | |||
r-release-macos-x86_64 | 1.3.3 | 34.00 | NOTE | |||
r-release-windows-x86_64 | 1.3.3 | 18.00 | 87.00 | 105.00 | NOTE | |
r-oldrel-macos-arm64 | 1.3.3 | 29.00 | NOTE | |||
r-oldrel-macos-x86_64 | 1.3.3 | 38.00 | NOTE | |||
r-oldrel-windows-ix86+x86_64 | 1.3.3 | 8.00 | 75.00 | 83.00 | NOTE |
Version: 1.3.3
Check: LazyData
Result: NOTE
'LazyData' is specified without a 'data' directory
Flavors: r-devel-linux-x86_64-debian-clang, r-devel-linux-x86_64-debian-gcc, r-devel-linux-x86_64-fedora-clang, r-devel-linux-x86_64-fedora-gcc, r-devel-windows-x86_64, r-patched-linux-x86_64, r-release-linux-x86_64, r-release-macos-arm64, r-release-macos-x86_64, r-release-windows-x86_64, r-oldrel-macos-arm64, r-oldrel-macos-x86_64, r-oldrel-windows-ix86+x86_64