Last updated on 2023-02-03 18:51:31 CET.
Flavor | Version | Tinstall | Tcheck | Ttotal | Status | Flags |
---|---|---|---|---|---|---|
r-devel-linux-x86_64-debian-clang | 0.2.1 | 7.87 | 114.29 | 122.16 | OK | |
r-devel-linux-x86_64-debian-gcc | 0.2.1 | 6.31 | 83.42 | 89.73 | NOTE | |
r-devel-linux-x86_64-fedora-clang | 0.2.1 | 156.27 | NOTE | |||
r-devel-linux-x86_64-fedora-gcc | 0.2.1 | 163.59 | OK | |||
r-devel-windows-x86_64 | 0.2.1 | 111.00 | 167.00 | 278.00 | OK | |
r-patched-linux-x86_64 | 0.2.1 | 12.60 | 105.97 | 118.57 | OK | |
r-release-linux-x86_64 | 0.2.1 | 7.82 | 106.45 | 114.27 | OK | |
r-release-macos-arm64 | 0.2.1 | 48.00 | OK | |||
r-release-macos-x86_64 | 0.2.1 | 91.00 | OK | |||
r-release-windows-x86_64 | 0.2.1 | 83.00 | 176.00 | 259.00 | OK | |
r-oldrel-macos-arm64 | 0.2.1 | 46.00 | OK | |||
r-oldrel-macos-x86_64 | 0.2.1 | 63.00 | OK | |||
r-oldrel-windows-ix86+x86_64 | 0.2.1 | 18.00 | 146.00 | 164.00 | OK |
Version: 0.2.1
Check: package dependencies
Result: NOTE
Package suggested but not available for checking: ‘arrow’
Flavor: r-devel-linux-x86_64-debian-gcc
Version: 0.2.1
Check: Rd cross-references
Result: NOTE
Undeclared package ‘processx’ in Rd xrefs
Flavor: r-devel-linux-x86_64-fedora-clang