Last updated on 2023-01-29 12:55:35 CET.
Flavor | Version | Tinstall | Tcheck | Ttotal | Status | Flags |
---|---|---|---|---|---|---|
r-devel-linux-x86_64-debian-clang | 1.2.1.1 | 30.22 | 90.74 | 120.96 | NOTE | |
r-devel-linux-x86_64-debian-gcc | 1.2.1.1 | 23.45 | 66.19 | 89.64 | NOTE | |
r-devel-linux-x86_64-fedora-clang | 1.2.1.1 | 162.15 | NOTE | |||
r-devel-linux-x86_64-fedora-gcc | 1.2.1.1 | 158.08 | NOTE | |||
r-devel-windows-x86_64 | 1.2.1.1 | 50.00 | 161.00 | 211.00 | NOTE | |
r-patched-linux-x86_64 | 1.2.1.1 | 18.14 | 84.93 | 103.07 | NOTE | |
r-release-linux-x86_64 | 1.2.1.1 | 22.45 | 86.60 | 109.05 | NOTE | |
r-release-macos-arm64 | 1.2.1.1 | 52.00 | NOTE | |||
r-release-macos-x86_64 | 1.2.1.1 | 76.00 | NOTE | |||
r-release-windows-x86_64 | 1.2.1.1 | 37.00 | 156.00 | 193.00 | NOTE | |
r-oldrel-macos-arm64 | 1.2.1.1 | 53.00 | NOTE | |||
r-oldrel-macos-x86_64 | 1.2.1.1 | 78.00 | NOTE | |||
r-oldrel-windows-ix86+x86_64 | 1.2.1.1 | 73.00 | 193.00 | 266.00 | NOTE |
Version: 1.2.1.1
Check: LazyData
Result: NOTE
'LazyData' is specified without a 'data' directory
Flavors: r-devel-linux-x86_64-debian-clang, r-devel-linux-x86_64-debian-gcc, r-devel-linux-x86_64-fedora-clang, r-devel-linux-x86_64-fedora-gcc, r-devel-windows-x86_64, r-patched-linux-x86_64, r-release-linux-x86_64, r-release-macos-arm64, r-release-macos-x86_64, r-release-windows-x86_64, r-oldrel-macos-arm64, r-oldrel-macos-x86_64, r-oldrel-windows-ix86+x86_64