Last updated on 2023-03-30 12:55:15 CEST.
Flavor | Version | Tinstall | Tcheck | Ttotal | Status | Flags |
---|---|---|---|---|---|---|
r-devel-linux-x86_64-debian-clang | 0.43.2 | 5.07 | 32.74 | 37.81 | OK | |
r-devel-linux-x86_64-debian-gcc | 0.43.2 | 4.35 | 24.02 | 28.37 | OK | |
r-devel-linux-x86_64-fedora-clang | 0.43.2 | 47.44 | NOTE | |||
r-devel-linux-x86_64-fedora-gcc | 0.43.2 | 55.47 | NOTE | |||
r-devel-windows-x86_64 | 0.43.2 | 23.00 | 0.00 | 23.00 | OK | |
r-patched-linux-x86_64 | 0.43.2 | 4.20 | 30.63 | 34.83 | OK | |
r-release-linux-x86_64 | 0.43.2 | 4.76 | 31.72 | 36.48 | OK | |
r-release-macos-arm64 | 0.43.2 | 24.00 | OK | |||
r-release-macos-x86_64 | 0.43.2 | 30.00 | OK | |||
r-release-windows-x86_64 | 0.43.2 | 25.00 | 76.00 | 101.00 | OK | |
r-oldrel-macos-arm64 | 0.43.2 | 25.00 | OK | |||
r-oldrel-macos-x86_64 | 0.43.2 | 30.00 | OK | |||
r-oldrel-windows-ix86+x86_64 | 0.43.2 | 6.00 | 19.00 | 25.00 | ERROR |
Version: 0.43.2
Check: compiled code
Result: NOTE
File ‘mpmi/libs/mpmi.so’:
Found no calls to: ‘R_registerRoutines’, ‘R_useDynamicSymbols’
It is good practice to register native routines and to disable symbol
search.
See ‘Writing portable packages’ in the ‘Writing R Extensions’ manual.
Flavors: r-devel-linux-x86_64-fedora-clang, r-devel-linux-x86_64-fedora-gcc
Version: 0.43.2
Check: whether package can be installed
Result: ERROR
Installation failed.
Flavor: r-oldrel-windows-ix86+x86_64