CRAN Package Check Results for Package mp

Last updated on 2022-09-30 12:55:14 CEST.

Flavor Version Tinstall Tcheck Ttotal Status Flags
r-devel-linux-x86_64-debian-clang 0.4.1 57.97 30.26 88.23 OK
r-devel-linux-x86_64-debian-gcc 0.4.1 49.13 23.38 72.51 OK
r-devel-linux-x86_64-fedora-clang 0.4.1 146.12 NOTE
r-devel-linux-x86_64-fedora-gcc 0.4.1 127.51 NOTE
r-devel-windows-x86_64 0.4.1 55.00 75.00 130.00 OK
r-patched-linux-x86_64 0.4.1 53.07 29.24 82.31 OK
r-release-linux-x86_64 0.4.1 52.25 29.52 81.77 OK
r-release-macos-arm64 0.4.1 35.00 OK
r-release-macos-x86_64 0.4.1 45.00 OK
r-release-windows-x86_64 0.4.1 60.00 75.00 135.00 OK
r-oldrel-macos-arm64 0.4.1 37.00 OK
r-oldrel-macos-x86_64 0.4.1 66.00 OK
r-oldrel-windows-ix86+x86_64 0.4.1 153.00 78.00 231.00 OK

Check Details

Version: 0.4.1
Check: Rd cross-references
Result: NOTE
    Undeclared package ‘proxy’ in Rd xrefs
Flavor: r-devel-linux-x86_64-fedora-clang

Version: 0.4.1
Check: compiled code
Result: NOTE
    File ‘mp/libs/mp.so’:
     Found no calls to: ‘R_registerRoutines’, ‘R_useDynamicSymbols’
    
    It is good practice to register native routines and to disable symbol
    search.
    
    See ‘Writing portable packages’ in the ‘Writing R Extensions’ manual.
Flavors: r-devel-linux-x86_64-fedora-clang, r-devel-linux-x86_64-fedora-gcc