CRAN Package Check Results for Package mosaicModel

Last updated on 2022-08-17 12:55:19 CEST.

Flavor Version Tinstall Tcheck Ttotal Status Flags
r-devel-linux-x86_64-debian-clang 0.3.0 8.81 104.65 113.46 OK
r-devel-linux-x86_64-debian-gcc 0.3.0 OK
r-devel-linux-x86_64-fedora-clang 0.3.0 142.45 NOTE
r-devel-linux-x86_64-fedora-gcc 0.3.0 144.02 NOTE
r-devel-windows-x86_64 0.3.0 69.00 148.00 217.00 OK
r-patched-linux-x86_64 0.3.0 7.16 96.35 103.51 OK
r-release-linux-x86_64 0.3.0 8.06 97.33 105.39 OK
r-release-macos-arm64 0.3.0 45.00 NOTE
r-release-macos-x86_64 0.3.0 71.00 NOTE
r-release-windows-x86_64 0.3.0 20.00 144.00 164.00 OK
r-oldrel-macos-arm64 0.3.0 55.00 NOTE
r-oldrel-macos-x86_64 0.3.0 66.00 NOTE
r-oldrel-windows-ix86+x86_64 0.3.0 22.00 132.00 154.00 OK

Check Details

Version: 0.3.0
Check: dependencies in R code
Result: NOTE
    Namespaces in Imports field not imported from:
     ‘MASS’ ‘caret’ ‘ggformula’ ‘knitr’ ‘testthat’ ‘tidyverse’
     All declared Imports should be used.
Flavors: r-devel-linux-x86_64-fedora-clang, r-devel-linux-x86_64-fedora-gcc, r-release-macos-arm64, r-release-macos-x86_64, r-oldrel-macos-arm64, r-oldrel-macos-x86_64