CRAN Package Check Results for Package mosaicCalc

Last updated on 2022-08-11 00:50:59 CEST.

Flavor Version Tinstall Tcheck Ttotal Status Flags
r-devel-linux-x86_64-debian-clang 0.5.1 14.89 133.18 148.07 NOTE
r-devel-linux-x86_64-debian-gcc 0.5.1 12.12 97.27 109.39 NOTE
r-devel-linux-x86_64-fedora-clang 0.5.1 190.36 NOTE
r-devel-linux-x86_64-fedora-gcc 0.5.1 179.70 NOTE
r-devel-windows-x86_64 0.5.1 23.00 149.00 172.00 NOTE
r-patched-linux-x86_64 0.5.1 15.30 123.03 138.33 NOTE
r-release-linux-x86_64 0.5.1 NOTE
r-release-macos-arm64 0.5.1 52.00 NOTE
r-release-macos-x86_64 0.5.1 84.00 NOTE
r-release-windows-x86_64 0.5.1 20.00 159.00 179.00 NOTE
r-oldrel-macos-arm64 0.5.1 66.00 NOTE
r-oldrel-macos-x86_64 0.5.1 96.00 NOTE
r-oldrel-windows-ix86+x86_64 0.5.1 34.00 141.00 175.00 NOTE

Check Details

Version: 0.5.1
Check: LazyData
Result: NOTE
     'LazyData' is specified without a 'data' directory
Flavors: r-devel-linux-x86_64-debian-clang, r-devel-linux-x86_64-debian-gcc, r-devel-linux-x86_64-fedora-clang, r-devel-linux-x86_64-fedora-gcc, r-devel-windows-x86_64, r-patched-linux-x86_64, r-release-linux-x86_64, r-release-macos-arm64, r-release-macos-x86_64, r-release-windows-x86_64, r-oldrel-macos-arm64, r-oldrel-macos-x86_64, r-oldrel-windows-ix86+x86_64

Version: 0.5.1
Check: dependencies in R code
Result: NOTE
    Namespaces in Imports field not imported from:
     ‘ggformula’ ‘magrittr’ ‘rlang’
     All declared Imports should be used.
Flavors: r-devel-linux-x86_64-fedora-clang, r-devel-linux-x86_64-fedora-gcc, r-release-macos-arm64, r-release-macos-x86_64, r-oldrel-macos-arm64, r-oldrel-macos-x86_64