CRAN Package Check Results for Package mosaic

Last updated on 2022-08-10 01:49:13 CEST.

Flavor Version Tinstall Tcheck Ttotal Status Flags
r-devel-linux-x86_64-debian-clang 1.8.3 29.57 486.83 516.40 OK
r-devel-linux-x86_64-debian-gcc 1.8.3 26.01 342.16 368.17 OK
r-devel-linux-x86_64-fedora-clang 1.8.3 630.51 NOTE
r-devel-linux-x86_64-fedora-gcc 1.8.3 581.49 NOTE
r-devel-windows-x86_64 1.8.3 160.00 514.00 674.00 OK
r-patched-linux-x86_64 1.8.3 28.89 433.97 462.86 OK
r-release-linux-x86_64 1.8.3 OK
r-release-macos-arm64 1.8.3 150.00 NOTE
r-release-macos-x86_64 1.8.3 252.00 NOTE
r-release-windows-x86_64 1.8.3 66.00 526.00 592.00 OK
r-oldrel-macos-arm64 1.8.3 223.00 NOTE
r-oldrel-macos-x86_64 1.8.3 324.00 NOTE
r-oldrel-windows-ix86+x86_64 1.8.3 65.00 530.00 595.00 OK

Check Details

Version: 1.8.3
Check: dependencies in R code
Result: NOTE
    Namespaces in Imports field not imported from:
     ‘ggridges’ ‘ggstance’
     All declared Imports should be used.
Flavors: r-devel-linux-x86_64-fedora-clang, r-devel-linux-x86_64-fedora-gcc, r-release-macos-arm64, r-release-macos-x86_64, r-oldrel-macos-arm64, r-oldrel-macos-x86_64

Version: 1.8.3
Check: Rd cross-references
Result: NOTE
    Undeclared package ‘cubature’ in Rd xrefs
Flavor: r-devel-linux-x86_64-fedora-clang